{"id":7619,"date":"2023-10-08T12:05:24","date_gmt":"2023-10-08T11:05:24","guid":{"rendered":"https:\/\/www.agaveros.com\/?post_type=product&#038;p=7619"},"modified":"2026-01-14T01:54:52","modified_gmt":"2026-01-14T00:54:52","slug":"cafe-molido-para-filtro-250g-la-chiapaneca","status":"publish","type":"product","link":"https:\/\/www.agaveros.com\/index.php\/producto\/cafe-molido-para-filtro-250g-la-chiapaneca\/","title":{"rendered":"Caf\u00e9 molido para filtro 250g La Chiapaneca"},"content":{"rendered":"<p>Caf\u00e9 molido para filtro 250g<\/p>\n<p>Marca La Chiapaneca<\/p>\n<p>En empaque presurizado, caf\u00e9 de origen Chiapas, M\u00e9xico, tostado natural. La Chiapaneca. 100% ar\u00e1bica. .<\/p>\n<p><b>Pa\u00eds:<\/b> <i><span style=\"font-weight: 400\">M\u00e9xico.<\/span><\/i><br \/> <b>Regi\u00f3n:<\/b> <i><span style=\"font-weight: 400\">Altos de Chiapas.<\/span><\/i><br \/> <b>Municipios:<\/b> <i><span style=\"font-weight: 400\">San Juan Cancuc, Pantelh\u00f3 y Chalchihuit\u00e1n.<\/span><\/i><br \/> <b>Etnia:<\/b> <i><span style=\"font-weight: 400\">Tzeltal Tzotzil.<\/span><\/i><br \/> <b>Productor:<\/b> <i><span style=\"font-weight: 400\">Peque\u00f1os productores ind\u00edgenas de la Cooperativa Tzeltal Tzotzil.<\/span><\/i><br \/> <b>Especie: <\/b><i><span style=\"font-weight: 400\">Ar\u00e1bica.<\/span><\/i><br \/> <b>Variedad:<\/b> <i><span style=\"font-weight: 400\">70% Garnica roja, 30% Typica, Bourbon y Caturra amarillo.<\/span><\/i><br \/> <b>Altura:<\/b> <i><span style=\"font-weight: 400\">1000 &#8211; 1550 msnm.<\/span><\/i><br \/> <b>Ecosistema:<\/b> <i><span style=\"font-weight: 400\">Bosque de niebla de los Altos de Chiapas<\/span><\/i><br \/> <b>Tipo:<\/b> <i><span style=\"font-weight: 400\">Org\u00e1nico.<\/span><\/i><br \/> <b>Proceso:<\/b> <i><span style=\"font-weight: 400\">Lavado.<\/span><\/i><br \/> <b>Sabor:<\/b><span style=\"font-weight: 400\"> Frutal, Chocolate y nuez tostada<\/span><i><span style=\"font-weight: 400\">.<\/span><\/i><br \/> <b>Potencia en taza:<\/b> <i><span style=\"font-weight: 400\">Bueno &#8211; Excepcional.<\/span><\/i><br \/> <b>Intensidad del sabor:<\/b> <i><span style=\"font-weight: 400\">Medio.<\/span><\/i><br \/> <b>Acidez:<\/b> <i><span style=\"font-weight: 400\">Medio.<\/span><\/i><br \/> <b>Cuerpo:<\/b> <i><span style=\"font-weight: 400\">Medio.<\/span><\/i><br \/> <b>Tostado:<\/b> <i><span style=\"font-weight: 400\">Medio.<\/span><\/i><br \/> <b>Cata:<\/b><span style=\"font-weight: 400\"> (SCAA): <\/span><i><span style=\"font-weight: 400\">83,25 puntos<\/span><\/i><\/p>\n","protected":false},"excerpt":{"rendered":"<p>Caf\u00e9 molido para filtro<\/p>\n","protected":false},"featured_media":7814,"comment_status":"closed","ping_status":"closed","template":"","meta":{"_editorskit_title_hidden":false,"_editorskit_reading_time":0,"_editorskit_is_block_options_detached":false,"_editorskit_block_options_position":"{}","_crdt_document":"","inline_featured_image":false},"pwb-brand":[35],"product_brand":[359],"product_cat":[32],"product_tag":[],"class_list":{"0":"post-7619","1":"product","2":"type-product","3":"status-publish","4":"has-post-thumbnail","6":"pwb-brand-la-chiapaneca","7":"product_brand-la-chiapaneca","8":"product_cat-bebidas","10":"first","11":"outofstock","12":"taxable","13":"shipping-taxable","14":"purchasable","15":"product-type-simple"},"yoast_head":"<!-- This site is optimized with the Yoast SEO plugin v27.4 - https:\/\/yoast.com\/product\/yoast-seo-wordpress\/ -->\n<title>Caf\u00e9 molido para filtro 250g La Chiapaneca - Agaveros<\/title>\n<meta name=\"robots\" content=\"index, follow, max-snippet:-1, max-image-preview:large, max-video-preview:-1\" \/>\n<link rel=\"canonical\" href=\"https:\/\/www.agaveros.com\/index.php\/producto\/cafe-molido-para-filtro-250g-la-chiapaneca\/\" \/>\n<meta property=\"og:locale\" content=\"es_ES\" \/>\n<meta property=\"og:type\" content=\"article\" \/>\n<meta property=\"og:title\" content=\"Caf\u00e9 molido para filtro 250g La Chiapaneca - Agaveros\" \/>\n<meta property=\"og:description\" content=\"Caf\u00e9 molido para filtro\" \/>\n<meta property=\"og:url\" content=\"https:\/\/www.agaveros.com\/index.php\/producto\/cafe-molido-para-filtro-250g-la-chiapaneca\/\" \/>\n<meta property=\"og:site_name\" content=\"Agaveros\" \/>\n<meta property=\"article:modified_time\" content=\"2026-01-14T00:54:52+00:00\" \/>\n<meta name=\"twitter:card\" content=\"summary_large_image\" \/>\n<meta name=\"twitter:label1\" content=\"Tiempo de lectura\" \/>\n\t<meta name=\"twitter:data1\" content=\"1 minuto\" \/>\n<script type=\"application\/ld+json\" class=\"yoast-schema-graph\">{\"@context\":\"https:\\\/\\\/schema.org\",\"@graph\":[{\"@type\":\"WebPage\",\"@id\":\"https:\\\/\\\/www.agaveros.com\\\/index.php\\\/producto\\\/cafe-molido-para-filtro-250g-la-chiapaneca\\\/\",\"url\":\"https:\\\/\\\/www.agaveros.com\\\/index.php\\\/producto\\\/cafe-molido-para-filtro-250g-la-chiapaneca\\\/\",\"name\":\"Caf\u00e9 molido para filtro 250g La Chiapaneca - Agaveros\",\"isPartOf\":{\"@id\":\"https:\\\/\\\/www.agaveros.com\\\/#website\"},\"primaryImageOfPage\":{\"@id\":\"https:\\\/\\\/www.agaveros.com\\\/index.php\\\/producto\\\/cafe-molido-para-filtro-250g-la-chiapaneca\\\/#primaryimage\"},\"image\":{\"@id\":\"https:\\\/\\\/www.agaveros.com\\\/index.php\\\/producto\\\/cafe-molido-para-filtro-250g-la-chiapaneca\\\/#primaryimage\"},\"thumbnailUrl\":\"https:\\\/\\\/www.agaveros.com\\\/wp-content\\\/uploads\\\/cafe_molido_para_filtro_250g_la_chiapaneca-1.jpg\",\"datePublished\":\"2023-10-08T11:05:24+00:00\",\"dateModified\":\"2026-01-14T00:54:52+00:00\",\"breadcrumb\":{\"@id\":\"https:\\\/\\\/www.agaveros.com\\\/index.php\\\/producto\\\/cafe-molido-para-filtro-250g-la-chiapaneca\\\/#breadcrumb\"},\"inLanguage\":\"es\",\"potentialAction\":[{\"@type\":\"ReadAction\",\"target\":[\"https:\\\/\\\/www.agaveros.com\\\/index.php\\\/producto\\\/cafe-molido-para-filtro-250g-la-chiapaneca\\\/\"]}]},{\"@type\":\"ImageObject\",\"inLanguage\":\"es\",\"@id\":\"https:\\\/\\\/www.agaveros.com\\\/index.php\\\/producto\\\/cafe-molido-para-filtro-250g-la-chiapaneca\\\/#primaryimage\",\"url\":\"https:\\\/\\\/www.agaveros.com\\\/wp-content\\\/uploads\\\/cafe_molido_para_filtro_250g_la_chiapaneca-1.jpg\",\"contentUrl\":\"https:\\\/\\\/www.agaveros.com\\\/wp-content\\\/uploads\\\/cafe_molido_para_filtro_250g_la_chiapaneca-1.jpg\",\"width\":800,\"height\":800},{\"@type\":\"BreadcrumbList\",\"@id\":\"https:\\\/\\\/www.agaveros.com\\\/index.php\\\/producto\\\/cafe-molido-para-filtro-250g-la-chiapaneca\\\/#breadcrumb\",\"itemListElement\":[{\"@type\":\"ListItem\",\"position\":1,\"name\":\"Portada\",\"item\":\"https:\\\/\\\/www.agaveros.com\\\/\"},{\"@type\":\"ListItem\",\"position\":2,\"name\":\"Shop\",\"item\":\"https:\\\/\\\/www.agaveros.com\\\/index.php\\\/shop\\\/\"},{\"@type\":\"ListItem\",\"position\":3,\"name\":\"Caf\u00e9 molido para filtro 250g La Chiapaneca\"}]},{\"@type\":\"WebSite\",\"@id\":\"https:\\\/\\\/www.agaveros.com\\\/#website\",\"url\":\"https:\\\/\\\/www.agaveros.com\\\/\",\"name\":\"Agaveros\",\"description\":\"- Tienda de Mezcales y Tequilas -\",\"publisher\":{\"@id\":\"https:\\\/\\\/www.agaveros.com\\\/#organization\"},\"potentialAction\":[{\"@type\":\"SearchAction\",\"target\":{\"@type\":\"EntryPoint\",\"urlTemplate\":\"https:\\\/\\\/www.agaveros.com\\\/?s={search_term_string}\"},\"query-input\":{\"@type\":\"PropertyValueSpecification\",\"valueRequired\":true,\"valueName\":\"search_term_string\"}}],\"inLanguage\":\"es\"},{\"@type\":\"Organization\",\"@id\":\"https:\\\/\\\/www.agaveros.com\\\/#organization\",\"name\":\"Agaveros\",\"url\":\"https:\\\/\\\/www.agaveros.com\\\/\",\"logo\":{\"@type\":\"ImageObject\",\"inLanguage\":\"es\",\"@id\":\"https:\\\/\\\/www.agaveros.com\\\/#\\\/schema\\\/logo\\\/image\\\/\",\"url\":\"https:\\\/\\\/www.agaveros.com\\\/wp-content\\\/uploads\\\/2022\\\/07\\\/logo-agaveros-2022-transp.png\",\"contentUrl\":\"https:\\\/\\\/www.agaveros.com\\\/wp-content\\\/uploads\\\/2022\\\/07\\\/logo-agaveros-2022-transp.png\",\"width\":1000,\"height\":358,\"caption\":\"Agaveros\"},\"image\":{\"@id\":\"https:\\\/\\\/www.agaveros.com\\\/#\\\/schema\\\/logo\\\/image\\\/\"}}]}<\/script>\n<!-- \/ Yoast SEO plugin. -->","yoast_head_json":{"title":"Caf\u00e9 molido para filtro 250g La Chiapaneca - Agaveros","robots":{"index":"index","follow":"follow","max-snippet":"max-snippet:-1","max-image-preview":"max-image-preview:large","max-video-preview":"max-video-preview:-1"},"canonical":"https:\/\/www.agaveros.com\/index.php\/producto\/cafe-molido-para-filtro-250g-la-chiapaneca\/","og_locale":"es_ES","og_type":"article","og_title":"Caf\u00e9 molido para filtro 250g La Chiapaneca - Agaveros","og_description":"Caf\u00e9 molido para filtro","og_url":"https:\/\/www.agaveros.com\/index.php\/producto\/cafe-molido-para-filtro-250g-la-chiapaneca\/","og_site_name":"Agaveros","article_modified_time":"2026-01-14T00:54:52+00:00","twitter_card":"summary_large_image","twitter_misc":{"Tiempo de lectura":"1 minuto"},"schema":{"@context":"https:\/\/schema.org","@graph":[{"@type":"WebPage","@id":"https:\/\/www.agaveros.com\/index.php\/producto\/cafe-molido-para-filtro-250g-la-chiapaneca\/","url":"https:\/\/www.agaveros.com\/index.php\/producto\/cafe-molido-para-filtro-250g-la-chiapaneca\/","name":"Caf\u00e9 molido para filtro 250g La Chiapaneca - Agaveros","isPartOf":{"@id":"https:\/\/www.agaveros.com\/#website"},"primaryImageOfPage":{"@id":"https:\/\/www.agaveros.com\/index.php\/producto\/cafe-molido-para-filtro-250g-la-chiapaneca\/#primaryimage"},"image":{"@id":"https:\/\/www.agaveros.com\/index.php\/producto\/cafe-molido-para-filtro-250g-la-chiapaneca\/#primaryimage"},"thumbnailUrl":"https:\/\/www.agaveros.com\/wp-content\/uploads\/cafe_molido_para_filtro_250g_la_chiapaneca-1.jpg","datePublished":"2023-10-08T11:05:24+00:00","dateModified":"2026-01-14T00:54:52+00:00","breadcrumb":{"@id":"https:\/\/www.agaveros.com\/index.php\/producto\/cafe-molido-para-filtro-250g-la-chiapaneca\/#breadcrumb"},"inLanguage":"es","potentialAction":[{"@type":"ReadAction","target":["https:\/\/www.agaveros.com\/index.php\/producto\/cafe-molido-para-filtro-250g-la-chiapaneca\/"]}]},{"@type":"ImageObject","inLanguage":"es","@id":"https:\/\/www.agaveros.com\/index.php\/producto\/cafe-molido-para-filtro-250g-la-chiapaneca\/#primaryimage","url":"https:\/\/www.agaveros.com\/wp-content\/uploads\/cafe_molido_para_filtro_250g_la_chiapaneca-1.jpg","contentUrl":"https:\/\/www.agaveros.com\/wp-content\/uploads\/cafe_molido_para_filtro_250g_la_chiapaneca-1.jpg","width":800,"height":800},{"@type":"BreadcrumbList","@id":"https:\/\/www.agaveros.com\/index.php\/producto\/cafe-molido-para-filtro-250g-la-chiapaneca\/#breadcrumb","itemListElement":[{"@type":"ListItem","position":1,"name":"Portada","item":"https:\/\/www.agaveros.com\/"},{"@type":"ListItem","position":2,"name":"Shop","item":"https:\/\/www.agaveros.com\/index.php\/shop\/"},{"@type":"ListItem","position":3,"name":"Caf\u00e9 molido para filtro 250g La Chiapaneca"}]},{"@type":"WebSite","@id":"https:\/\/www.agaveros.com\/#website","url":"https:\/\/www.agaveros.com\/","name":"Agaveros","description":"- Tienda de Mezcales y Tequilas -","publisher":{"@id":"https:\/\/www.agaveros.com\/#organization"},"potentialAction":[{"@type":"SearchAction","target":{"@type":"EntryPoint","urlTemplate":"https:\/\/www.agaveros.com\/?s={search_term_string}"},"query-input":{"@type":"PropertyValueSpecification","valueRequired":true,"valueName":"search_term_string"}}],"inLanguage":"es"},{"@type":"Organization","@id":"https:\/\/www.agaveros.com\/#organization","name":"Agaveros","url":"https:\/\/www.agaveros.com\/","logo":{"@type":"ImageObject","inLanguage":"es","@id":"https:\/\/www.agaveros.com\/#\/schema\/logo\/image\/","url":"https:\/\/www.agaveros.com\/wp-content\/uploads\/2022\/07\/logo-agaveros-2022-transp.png","contentUrl":"https:\/\/www.agaveros.com\/wp-content\/uploads\/2022\/07\/logo-agaveros-2022-transp.png","width":1000,"height":358,"caption":"Agaveros"},"image":{"@id":"https:\/\/www.agaveros.com\/#\/schema\/logo\/image\/"}}]}},"jetpack_sharing_enabled":true,"brands":[{"id":35,"name":"La Chiapaneca","slug":"la-chiapaneca"}],"_links":{"self":[{"href":"https:\/\/www.agaveros.com\/index.php\/wp-json\/wp\/v2\/product\/7619","targetHints":{"allow":["GET"]}}],"collection":[{"href":"https:\/\/www.agaveros.com\/index.php\/wp-json\/wp\/v2\/product"}],"about":[{"href":"https:\/\/www.agaveros.com\/index.php\/wp-json\/wp\/v2\/types\/product"}],"replies":[{"embeddable":true,"href":"https:\/\/www.agaveros.com\/index.php\/wp-json\/wp\/v2\/comments?post=7619"}],"wp:featuredmedia":[{"embeddable":true,"href":"https:\/\/www.agaveros.com\/index.php\/wp-json\/wp\/v2\/media\/7814"}],"wp:attachment":[{"href":"https:\/\/www.agaveros.com\/index.php\/wp-json\/wp\/v2\/media?parent=7619"}],"wp:term":[{"taxonomy":"pwb-brand","embeddable":true,"href":"https:\/\/www.agaveros.com\/index.php\/wp-json\/wp\/v2\/pwb-brand?post=7619"},{"taxonomy":"product_brand","embeddable":true,"href":"https:\/\/www.agaveros.com\/index.php\/wp-json\/wp\/v2\/product_brand?post=7619"},{"taxonomy":"product_cat","embeddable":true,"href":"https:\/\/www.agaveros.com\/index.php\/wp-json\/wp\/v2\/product_cat?post=7619"},{"taxonomy":"product_tag","embeddable":true,"href":"https:\/\/www.agaveros.com\/index.php\/wp-json\/wp\/v2\/product_tag?post=7619"}],"curies":[{"name":"wp","href":"https:\/\/api.w.org\/{rel}","templated":true}]}}